 14 - b + 0*x. Determine i(1).
3
Let z(j) be the first derivative of -4*j**3/3 - 4*j**2 + j - 218. Give z(-3).
-11
Let u(s) = 14*s + 217. Let o be u(-15). Let z(f) = -3*f**2 + 20*f + 4. Give z(o).
-3
Let u(p) be the second derivative of 5*p**4/12 - p**3 + 5*p**2 + 31*p - 13. Give u(4).
66
Suppose 4 = -2*b - 2*n, -5*b = -n - 314 + 294. Let r(f) = 2*f**3 - f + 1. Determine r(b).
52
Suppose -l - 589 = -627. Let t(p) = -4 + 35*p - 71*p + l*p. Give t(-2).
-8
Suppose 2*m - 99 = -93. Suppose 4*k + 4*p - 24 = 0, -2*p = -5*k - m + 5. Let v(u) = 3*u - 1. Let z(x) = x**2 + 1. Let h(s) = v(s) - z(s). What is h(k)?
0
Suppose -288 + 344 = -7*d. Let q(t) be the third derivative of t**6/120 + 2*t**5/15 - t**4/24 - 5*t**3/6 + 13*t**2. Calculate q(d).
3
Let o = -49 + 8. Let b = -37 - o. Let g(s) = 3*s**2 + 4*s**2 - b*s**2 - s - s**2. Calculate g(-1).
3
Let l(s) be the first derivative of s**6/120 - 7*s**5/60 + s**4/8 - 71*s**2 + 147. Let u(t) be the second derivative of l(t). Give u(6).
-18
Let r(u) = u**3 + 7*u**2 - 11*u - 27. Let p = -3097 - -3089. Give r(p).
-3
Let a(r) = r**3 + 35*r**2 - 22*r + 35. Let q(f) = 10*f**2 + 2*f. Let w(k) = -a(k) + q(k). Give w(-26).
17
Let i(w) = -2*w**2 + 7*w - 10. Suppose -2*a - 3*o = 38, 5*a = -3*o - 0 - 59. What is i(a)?
-157
Let x be 3*2/12*-2*-54. Let n be 6/(-4)*(-72)/x. Let p(q) = -5*q**3 + 3*q**2. Calculate p(n).
-28
Let o(m) = m**2 - 11*m - 13. Suppose -29*z = -25*z + 1756. Let p = z + 451. What is o(p)?
-1
Let q(c) = -2*c**2 + 8*c - 5. Suppose 40*g - 64 - 96 = 0. Give q(g).
-5
Let b(n) be the second derivative of n**4/12 - 7*n**3/3 - 8*n**2 + 8227*n. Determine b(15).
-1
Let b(p) = 3*p**3 + 5*p**2 + 9*p + 24. Let d(z) = -17*z**3 - 31*z**2 - 43*z - 120. Let t(h) = -11*b(h) - 2*d(h). Calculate t(-8).
16
Let g(s) = -33*s**2 + s - 22. Let d be g(0). Let j(r) = -r**2 - 21*r + 15. Calculate j(d).
-7
Let q(p) = p**3 - 6*p**2 + 6*p - 5. Let w = -123 + 258. Suppose w = 2*d + 125. Calculate q(d).
0
Let v(m) = -m**3 - 6*m**2 + 7*m - 5. Suppose g - 128 = -s, -s = -4*s + 6. Let d be (g/27)/((-8)/12). Determine v(d).
-5
Let k(q) = -123 + 72 - 6*q + 8*q**2 - 2*q**3 + 2*q + 59. What is k(4)?
-8
Suppose -58*z + 160 - 91 = -627. Suppose a = -4*a + 10. Let d(w) = -16 + 2*w**3 + w - 3*w**3 - 14*w + a*w + 13*w**2. Determine d(z).
-4
Let r be ((-6)/14)/1 - (-240)/70. Let v(c) = -19*c + 3 - 18*c - 2*c**r + 33*c + 3*c**2. Give v(2).
-9
Let b(t) = 2*t**3 + 12*t**2 - 6*t - 13. Let c be b(-6). Suppose 0 = -2*u + 5*l, 3*u = -2*l - 2*l + c. Let o(j) = -j**2 + 7*j - 7. What is o(u)?
3
Let g(i) = -4 - 2 - 4 + 9*i + 9. Let t be ((-45)/25)/(1/5). Let z = -8 - t. What is g(z)?
8
Let t(k) = -k**2 - 5*k + 10. Let r = 1459 - 1465. What is t(r)?
4
Let q(y) = y**3 - 4*y**2 - y + 4. Let a be q(4). Let j(c) = a*c - 7*c + 90 - 91. Let l(p) = -14*p - 2. Let u(v) = -13*j(v) + 6*l(v). Calculate u(-1).
-6
Let p(k) = 2*k**3 - 33*k**2 + 30*k - 217. Let z be p(16). Let v(g) = -g**2 + 9*g + 8. Give v(z).
22
Let m(g) = -g - 6. Let q(d) = -d + 6. Let n be q(11). Let f(r) = r + 13. Let t(w) = n*m(w) - 3*f(w). Suppose 4*s - 19 = 5. Give t(s).
3
Let p(c) = c**2 - 5*c - 1. Let f = 15 - -110. Let v = f - 122. Determine p(v).
-7
Let a(h) = -2*h - 673 - 691 + 1375. Suppose 54 = 5*n - q, -4*n = -q - 4*q - 60. Calculate a(n).
-9
Let n = 4240 + -2501. Let k(o) = -1 + 1738*o**2 + 0 - 2*o**3 - n*o**2 + o. Determine k(-2).
9
Let r(y) = -y**3 - 3*y**2 + 22*y - 8. Suppose 1 = -h - 2*b, -32*b = 4*h - 37*b - 22. What is r(h)?
4
Let w(l) be the third derivative of -l**4/8 - 23*l**3/3 + 48*l**2 + 36*l. Give w(-17).
5
Let s(z) be the third derivative of -z**6/120 + 3*z**5/20 + 17*z**4/24 + z**3/6 - 567*z**2. Give s(11).
-54
Let w(h) = 6*h**2 - 6. Let z be w(-5). Let y = 145 - z. Let x(r) = -y - r + 5 - 1. Give x(0).
3
Let a(u) = -8*u**2 + 3511*u**3 - 1703*u**3 - 13 - 1806*u**3 + 9*u. Give a(3).
-4
Suppose -33*r = 13777 - 14866. Let u(k) = k**2 - 34*k + 77. Give u(r).
44
Suppose -o = 3*o + 4. Let u(h) = -7 + 4 - 2 - 7*h + 7 - 1. Let f(n) = 4*n - 1. Let s(k) = -3*f(k) - 4*u(k). Give s(o).
-17
Let x be -1 + 11/9 - (-457)/9. Let b = x + -45. Let j be 30/(-4)*b/36*4. Let v(c) = -c**3 - 4*c**2 + 5*c - 6. Determine v(j).
-6
Let t(o) = -5*o - 33. Suppose 0 = 4074*d - 4078*d - 28. What is t(d)?
2
Let g(o) = o**3 + 14*o**2 + 18*o + 60. Let u(h) = h - 36. Let p be u(23). Give g(p).
-5
Let r(g) be the third derivative of g**5/60 - g**4/8 - g**3/3 - 19*g**2. Let n be (-1 - 20/(-25)) + (-2)/(-10). Let o be 1 + 3 + -6 + n. Give r(o).
8
Let u(l) = -2*l**3 + 21*l**2 - 2*l + 3. Let g(o) = o**3 - 24*o**2 + 2*o - 3. Let n(j) = 6*g(j) + 7*u(j). Determine n(-2).
83
Suppose 8*c + 32 = -0. Let u(v) = -44*v + 24. Let w(n) = 27*n - 13. Let t(m) = 3*u(m) + 5*w(m). What is t(c)?
-5
Let k(d) = 2*d + 7. Let h be k(-5). Let m be ((-1)/h)/(6/126). Let v(a) = -a - 4*a + 9 + 5*a - 6*a + a**2 - 5*a. Give v(m).
-19
Let d(g) be the second derivative of -g**4/2 - g**3/6 - 2*g + 6392. Let s be 1*((-9)/3 + 2). Calculate d(s).
-5
Let k(c) = 28*c + 540 - 737 + 7*c**3 + 2*c**2 + 224. Calculate k(-1).
-6
Let u be (2/5)/(25 - (-6024)/(-240)). Let i(h) = 86*h + 333. What is i(u)?
-11
Let p(y) = -y + 13. Suppose 7 = s - 4*d - 5, -5*s + 43 = -3*d. Let b be 6*(s/6 - (-33)/198). Calculate p(b).
4
Let w(p) = p**3 - 6*p**2 - 3*p + 5. Let v(m) be the third derivative of 1/60*m**5 - 21*m**2 + 0 + 0*m + 3/2*m**3 + 1/6*m**4. Let g be v(-3). Give w(g).
-13
Let f(z) = z**3 - 126*z - 65. Let x be f(-11). Let n(g) = g**2 - 10*g - 3. Let b(k) = -4*k**2 + 30*k + 10. Let j(c) = 2*b(c) + 7*n(c). Calculate j(x).
-1
Let f(r) = 25*r - 147. Let y(w) = -51*w + 255. Let t(o) = -7*f(o) - 4*y(o). Determine t(3).
96
Let w(a) be the second derivative of -a**3/6 - 2*a**2 + 47*a. Let k = -139 - -136. Calculate w(k).
-1
Let m(l) = -l**3 - 6*l**2 - 5*l + 3. Suppose -235*a - 2142 = -242*a. Let x = a + -310. What is m(x)?
-9
Let r(d) = -d - 83. Let l(h) = -653*h + 3246. Let i be l(5). Calculate r(i).
-64
Let r(x) = 3*x + 23. Let y = 347 + -357. Determine r(y).
-7
Let k(x) = -x**3 - 2*x**2 + 2. Suppose 4 = 2*h - t - 0, -2*h = -4*t - 10. Let m be h/((-26)/(-65) - (-127)/(-330)). Let z = m - 68. Determine k(z).
2
Suppose 10*s + 83 - 133 = 0. Let a(y) = -2 - 22*y**3 + 0 + s*y**3 + 2*y**2 + 8*y**3 + 5*y + 8*y**3. What is a(3)?
4
Let o(c) = -c - 2. Let m be o(-8). Suppose -10*j - 52 = -152. Suppose -16*r = -j - m. Let z(g) = 9*g. Give z(r).
9
Let b(s) = -2*s**2 - 13. Let f(u) = 6 - 3*u**2 + 14 - 33. Let o(z) = -4*b(z) + 3*f(z). Let d(j) be the first derivative of o(j). Give d(1).
-2
Let x(v) = -v + 1. Suppose -4*n - 5*o + o + 8 = 0, o - 8 = -4*n. Let j be (n/4)/(-7*3/(-126)). Suppose p + 1 = 5*f + 19, j*f + 2 = 5*p. What is x(p)?
3
Let v(p) = -2*p + 12. Suppose 2*l - 2*i = -18, 0*i = i - 5. Let r be (-14382)/(-1833) + (l/26)/(-1). Calculate v(r).
-4
Let o(k) = 11*k - 30*k - 5 - k**2 + 21*k + 2*k**2 + k. What is o(-5)?
5
Let v(t) = -23*t**2 + 94*t + 3. Let z(s) = -8*s**2 + 32*s + 2. Let j(r) = -6*v(r) + 17*z(r). What is j(8)?
-16
Let k be (-2)/(-2) + (2 - 5). Let f(o) = -19*o**2 - 4*o - 104. Let q(v) = -12*v**2 - 3*v - 65. Let h(r) = 5*f(r) - 8*q(r). Give h(k).
-4
Let i = 34022 + -34036. Let j(d) = -d**3 - 14*d**2 + 11*d + 147. What is j(i)?
-7
Let m(n) = n**2 + 11*n + 9. Let p = -84 - -90. Suppose 0*q = p*q - 132. Suppose 2*w + q = -4*h, 5*h = -0*h. Give m(w).
9
Let x(p) = 25383*p**2 - 50766*p**2 + 13 + 25384*p**2 + 7*p. Let s be 5/((-2)/(-6)*-3). Determine x(s).
3
Let c = -6 + 11. Let d(a) be the third derivative of a**4/12 - a**3 + 2597*a**2. Calculate d(c).
4
Let z = 5 - -1. Let b = -178 + 181. Let o(t) = t**b + 20*t**2 - 2*t**3 - 13*t**2 - 8 + 4*t - 9*t. What is o(z)?
-2
Let o(h) = 2*h + 6. Let y(p) = -p**3 + 6*p**2 + p + 6. Let x be y(5). Let w = 5 - 0. Suppose -i = -w*i + 4*f - x, -f + 5 = 0. Give o(i).
-2
Suppose 0 = -2*g + 5*x + 2091, -2*g + g + 1047 = -2*x. Let i(l) = l + l**2 + g - 1051 + 10*l. What is i(-5)?
-28
Let j = -16777 - -16775. Let x(q) be the second derivative of q**3/3 + q**2 + 2*q. What is x(j)?
-2
Let s(n) = -n - 1. Let i(v) = -2 - 10*v**2 + 17*v**2 - 3*v - 6*v**2 - v**3. Let w be i(-2). Let q = -13 + w. Give s(q).
-4
Suppose 5*f = -4 + 9. Suppose 0*p = 4*m + 4*p - 36, -81 = -5*m + 4*p. Let a(c) = 14 - m - 10*c + 0. Calculate a(f).
-9
Let f(y) b